
{"id":5,"date":"2023-10-29T08:40:46","date_gmt":"2023-10-29T07:40:46","guid":{"rendered":"https:\/\/www.franco-rossi.it\/?page_id=5"},"modified":"2023-12-14T19:03:17","modified_gmt":"2023-12-14T18:03:17","slug":"home","status":"publish","type":"page","link":"https:\/\/www.franco-rossi.it\/","title":{"rendered":"HOME"},"content":{"rendered":"\n<h3 class=\"wp-block-heading\"><strong>L\u2019anima ha due dimensioni:<\/strong><\/h3>\n\n\n\n<p><strong>la prima, superficiale, mutevole, peculiare in ognuno, \u00e8 quella con cui ci rapportiamo agli altri e ad ogni situazione, a seconda dei casi. E\u2019 in sostanza quella con cui ci mostriamo al mondo. La seconda, profonda, statica, mai mutevole, uguale per tutti. In questa risiede tutto ci\u00f2 che generalmente non vogliamo mostrare di noi stessi, per incapacit\u00e0, o per paura, o per pudore.<\/strong><br><strong>Cercare delle immagini che ne mostrino metaforicamente il contenuto ed imprimerle su di una tela \u00e8 lo scopo di questa pittura. Uno scopo generato dalla necessit\u00e0 di esternare un messaggio, di capire e far capire che forse nessuno \u00e8, nel fondo, diverso dagli altri.<\/strong><br><strong>Per tale motivo pu\u00f2 darsi che chi osserva questi dipinti riveda una situazione che ha gi\u00e0 vissuto, un\u2019emozione che tiene nascosta nel profondo. Pu\u00f2 darsi che abbia la sensazione di guardarsi in uno specchio che riflette non la sua immagine, ma la sua anima.<\/strong><\/p>\n\n\n<div id=\"metaslider-id-101\" style=\"width: 100%;\" class=\"ml-slider-3-90-1 metaslider metaslider-flex metaslider-101 ml-slider ms-theme-default nav-hidden\" role=\"region\" aria-roledescription=\"Slideshow\" aria-label=\"Home_slide\">\n    <div id=\"metaslider_container_101\">\n        <div id=\"metaslider_101\">\n            <ul class='slides'>\n                <li style=\"display: block; width: 100%;\" class=\"slide-112 ms-image \" aria-roledescription=\"slide\" aria-label=\"slide-112\"><img src=\"https:\/\/www.franco-rossi.it\/wp-content\/uploads\/2023\/10\/E-amara-la-mia-gente-come-il-profumo-delloleandro-cm.70x100-10Novembre2004-640x411.jpg\" height=\"450\" width=\"700\" alt=\"\" class=\"slider-101 slide-112\" title=\"E-amara-la-mia-gente-come-il-profumo-delloleandro-cm.70x100-10Novembre2004\" \/><\/li>\n                <li style=\"display: none; width: 100%;\" class=\"slide-111 ms-image \" aria-roledescription=\"slide\" aria-label=\"slide-111\"><img src=\"https:\/\/www.franco-rossi.it\/wp-content\/uploads\/2023\/10\/Non-restare-chiuso-qui-pensiero-cm.70x100-31Luglio2005-400x257.jpg\" height=\"450\" width=\"700\" alt=\"\" class=\"slider-101 slide-111\" title=\"Non-restare-chiuso-qui-pensiero-cm.70x100-31Luglio2005\" \/><\/li>\n                <li style=\"display: none; width: 100%;\" class=\"slide-102 ms-image \" aria-roledescription=\"slide\" aria-label=\"slide-102\"><img src=\"https:\/\/www.franco-rossi.it\/wp-content\/uploads\/2023\/10\/ALLES-LICHT-SO-WEIT._.SO-WEIT._.-cm.70x125-18Giugno2006-700x450.jpg\" height=\"450\" width=\"700\" alt=\"\" class=\"slider-101 slide-102\" title=\"ALLES-LICHT-SO-WEIT._.SO-WEIT._.-cm.70x125-18Giugno2006\" \/><\/li>\n                <li style=\"display: none; width: 100%;\" class=\"slide-109 ms-image \" aria-roledescription=\"slide\" aria-label=\"slide-109\"><img src=\"https:\/\/www.franco-rossi.it\/wp-content\/uploads\/2023\/10\/Toi-qui-marches-dans-le-vent-seul-dans-la-trop-grande-ville._.-cm.70x105-18-Novembre-2016-700x450.jpg\" height=\"450\" width=\"700\" alt=\"\" class=\"slider-101 slide-109\" title=\"Toi-qui-marches-dans-le-vent-seul-dans-la-trop-grande-ville._.-cm.70x105-18-Novembre-2016\" \/><div class=\"caption-wrap\"><div class=\"caption\">franco 2<\/div><\/div><\/li>\n                <li style=\"display: none; width: 100%;\" class=\"slide-110 ms-image \" aria-roledescription=\"slide\" aria-label=\"slide-110\"><img src=\"https:\/\/www.franco-rossi.it\/wp-content\/uploads\/2023\/10\/Volo-al-tramonto-cm.70x105-19Ottobre2007-605x388.jpg\" height=\"450\" width=\"700\" alt=\"\" class=\"slider-101 slide-110\" title=\"Volo-al-tramonto-cm.70x105-19Ottobre2007\" \/><\/li>\n                <li style=\"display: none; width: 100%;\" class=\"slide-113 ms-image \" aria-roledescription=\"slide\" aria-label=\"slide-113\"><img src=\"https:\/\/www.franco-rossi.it\/wp-content\/uploads\/2023\/11\/Bouganvillea-cm.80x120-19Agosto2004-540x347.jpg\" height=\"450\" width=\"700\" alt=\"\" class=\"slider-101 slide-113\" title=\"Bouganvillea cm.80x120 19Agosto2004\" \/><div class=\"caption-wrap\"><div class=\"caption\">franco 1<\/div><\/div><\/li>\n                <li style=\"display: none; width: 100%;\" class=\"slide-114 ms-image \" aria-roledescription=\"slide\" aria-label=\"slide-114\"><img src=\"https:\/\/www.franco-rossi.it\/wp-content\/uploads\/2023\/10\/ALLES-LICHT-SO-WEIT._.SO-WEIT._.-cm.70x125-18Giugno2006-700x450.jpg\" height=\"450\" width=\"700\" alt=\"\" class=\"slider-101 slide-114\" title=\"ALLES-LICHT-SO-WEIT._.SO-WEIT._.-cm.70x125-18Giugno2006\" \/><\/li>\n            <\/ul>\n        <\/div>\n        \n    <\/div>\n<\/div>\n\n\n\n<p>In questo sito \u00e8 possibile vedere <strong>una selezione delle opere pi\u00f9 importanti e significative firmate dall\u2019artista a partire dall\u2019anno 1994.<\/strong><\/p>\n\n\n\n<p>Mancano tutte le opere dipinte nei primi trent\u2019anni di attivit\u00e0, fatta eccezione per alcune appartenenti al<strong> periodo monocromatico<\/strong>, presenti a scopo puramente indicativo. Proprio da quest\u2019ultime, infatti, si pu\u00f2 far risalire l\u2019inizio della pittura introspettiva dell\u2019autore. Sono state volutamente omesse anche tutte le opere a tema paesaggistico e still life, che l\u2019autore ha sempre dipinto e talvolta continua a dipingere tra una tela di grandi dimensioni e l\u2019altra.<strong> Trattasi di opere di dimensioni minori, talvolta piccolissime, dipinte soprattutto dagli inizi anni \u201870 fino all\u2019inizio del corrente secolo.<\/strong><\/p>\n\n\n\n<audio autoplay=\"autoplay\" loop=\"loop\"><source src=\"https:\/\/www.franco-rossi.it\/wp-content\/uploads\/2023\/11\/jeux_2008.mp3\"><\/audio>\n","protected":false},"excerpt":{"rendered":"<p>L\u2019anima ha due dimensioni: la prima, superficiale, mutevole, peculiare in ognuno, \u00e8 quella con cui ci rapportiamo agli altri e ad ogni situazione, a seconda dei casi. E\u2019 in sostanza quella con cui ci mostriamo al mondo. La seconda, profonda, statica, mai mutevole, uguale per tutti. In questa risiede tutto ci\u00f2 che generalmente non vogliamo [&hellip;]<\/p>\n","protected":false},"author":1,"featured_media":0,"parent":0,"menu_order":0,"comment_status":"closed","ping_status":"closed","template":"","meta":{"footnotes":""},"_links":{"self":[{"href":"https:\/\/www.franco-rossi.it\/index.php\/wp-json\/wp\/v2\/pages\/5"}],"collection":[{"href":"https:\/\/www.franco-rossi.it\/index.php\/wp-json\/wp\/v2\/pages"}],"about":[{"href":"https:\/\/www.franco-rossi.it\/index.php\/wp-json\/wp\/v2\/types\/page"}],"author":[{"embeddable":true,"href":"https:\/\/www.franco-rossi.it\/index.php\/wp-json\/wp\/v2\/users\/1"}],"replies":[{"embeddable":true,"href":"https:\/\/www.franco-rossi.it\/index.php\/wp-json\/wp\/v2\/comments?post=5"}],"version-history":[{"count":66,"href":"https:\/\/www.franco-rossi.it\/index.php\/wp-json\/wp\/v2\/pages\/5\/revisions"}],"predecessor-version":[{"id":1121,"href":"https:\/\/www.franco-rossi.it\/index.php\/wp-json\/wp\/v2\/pages\/5\/revisions\/1121"}],"wp:attachment":[{"href":"https:\/\/www.franco-rossi.it\/index.php\/wp-json\/wp\/v2\/media?parent=5"}],"curies":[{"name":"wp","href":"https:\/\/api.w.org\/{rel}","templated":true}]}}

<h3 class="wp-block-heading"><strong>L’anima ha due dimensioni:</strong></h3>



<p><strong>la prima, superficiale, mutevole, peculiare in ognuno, è quella con cui ci rapportiamo agli altri e ad ogni situazione, a seconda dei casi. E’ in sostanza quella con cui ci mostriamo al mondo. La seconda, profonda, statica, mai mutevole, uguale per tutti. In questa risiede tutto ciò che generalmente non vogliamo mostrare di noi stessi, per incapacità, o per paura, o per pudore.</strong><br><strong>Cercare delle immagini che ne mostrino metaforicamente il contenuto ed imprimerle su di una tela è lo scopo di questa pittura. Uno scopo generato dalla necessità di esternare un messaggio, di capire e far capire che forse nessuno è, nel fondo, diverso dagli altri.</strong><br><strong>Per tale motivo può darsi che chi osserva questi dipinti riveda una situazione che ha già vissuto, un’emozione che tiene nascosta nel profondo. Può darsi che abbia la sensazione di guardarsi in uno specchio che riflette non la sua immagine, ma la sua anima.</strong></p>


<div id="metaslider-id-101" style="width: 100%;" class="ml-slider-3-90-1 metaslider metaslider-flex metaslider-101 ml-slider ms-theme-default nav-hidden" role="region" aria-roledescription="Slideshow" aria-label="Home_slide">
    <div id="metaslider_container_101">
        <div id="metaslider_101">
            <ul class='slides'>
                <li style="display: block; width: 100%;" class="slide-112 ms-image " aria-roledescription="slide" aria-label="slide-112"><img src="https://www.franco-rossi.it/wp-content/uploads/2023/10/E-amara-la-mia-gente-come-il-profumo-delloleandro-cm.70x100-10Novembre2004-640x411.jpg" height="450" width="700" alt="" class="slider-101 slide-112" title="E-amara-la-mia-gente-come-il-profumo-delloleandro-cm.70x100-10Novembre2004" /></li>
                <li style="display: none; width: 100%;" class="slide-111 ms-image " aria-roledescription="slide" aria-label="slide-111"><img src="https://www.franco-rossi.it/wp-content/uploads/2023/10/Non-restare-chiuso-qui-pensiero-cm.70x100-31Luglio2005-400x257.jpg" height="450" width="700" alt="" class="slider-101 slide-111" title="Non-restare-chiuso-qui-pensiero-cm.70x100-31Luglio2005" /></li>
                <li style="display: none; width: 100%;" class="slide-102 ms-image " aria-roledescription="slide" aria-label="slide-102"><img src="https://www.franco-rossi.it/wp-content/uploads/2023/10/ALLES-LICHT-SO-WEIT._.SO-WEIT._.-cm.70x125-18Giugno2006-700x450.jpg" height="450" width="700" alt="" class="slider-101 slide-102" title="ALLES-LICHT-SO-WEIT._.SO-WEIT._.-cm.70x125-18Giugno2006" /></li>
                <li style="display: none; width: 100%;" class="slide-109 ms-image " aria-roledescription="slide" aria-label="slide-109"><img src="https://www.franco-rossi.it/wp-content/uploads/2023/10/Toi-qui-marches-dans-le-vent-seul-dans-la-trop-grande-ville._.-cm.70x105-18-Novembre-2016-700x450.jpg" height="450" width="700" alt="" class="slider-101 slide-109" title="Toi-qui-marches-dans-le-vent-seul-dans-la-trop-grande-ville._.-cm.70x105-18-Novembre-2016" /><div class="caption-wrap"><div class="caption">franco 2</div></div></li>
                <li style="display: none; width: 100%;" class="slide-110 ms-image " aria-roledescription="slide" aria-label="slide-110"><img src="https://www.franco-rossi.it/wp-content/uploads/2023/10/Volo-al-tramonto-cm.70x105-19Ottobre2007-605x388.jpg" height="450" width="700" alt="" class="slider-101 slide-110" title="Volo-al-tramonto-cm.70x105-19Ottobre2007" /></li>
                <li style="display: none; width: 100%;" class="slide-113 ms-image " aria-roledescription="slide" aria-label="slide-113"><img src="https://www.franco-rossi.it/wp-content/uploads/2023/11/Bouganvillea-cm.80x120-19Agosto2004-540x347.jpg" height="450" width="700" alt="" class="slider-101 slide-113" title="Bouganvillea cm.80x120 19Agosto2004" /><div class="caption-wrap"><div class="caption">franco 1</div></div></li>
                <li style="display: none; width: 100%;" class="slide-114 ms-image " aria-roledescription="slide" aria-label="slide-114"><img src="https://www.franco-rossi.it/wp-content/uploads/2023/10/ALLES-LICHT-SO-WEIT._.SO-WEIT._.-cm.70x125-18Giugno2006-700x450.jpg" height="450" width="700" alt="" class="slider-101 slide-114" title="ALLES-LICHT-SO-WEIT._.SO-WEIT._.-cm.70x125-18Giugno2006" /></li>
            </ul>
        </div>
        
    </div>
</div>



<p>In questo sito è possibile vedere <strong>una selezione delle opere più importanti e significative firmate dall’artista a partire dall’anno 1994.</strong></p>



<p>Mancano tutte le opere dipinte nei primi trent’anni di attività, fatta eccezione per alcune appartenenti al<strong> periodo monocromatico</strong>, presenti a scopo puramente indicativo. Proprio da quest’ultime, infatti, si può far risalire l’inizio della pittura introspettiva dell’autore. Sono state volutamente omesse anche tutte le opere a tema paesaggistico e still life, che l’autore ha sempre dipinto e talvolta continua a dipingere tra una tela di grandi dimensioni e l’altra.<strong> Trattasi di opere di dimensioni minori, talvolta piccolissime, dipinte soprattutto dagli inizi anni ‘70 fino all’inizio del corrente secolo.</strong></p>



<audio autoplay="autoplay" loop="loop"><source src="https://www.franco-rossi.it/wp-content/uploads/2023/11/jeux_2008.mp3"></audio>

<p>L’anima ha due dimensioni: la prima, superficiale, mutevole, peculiare in ognuno, è quella con cui ci rapportiamo agli altri e ad ogni situazione, a seconda dei casi. E’ in sostanza quella con cui ci mostriamo al mondo. La seconda, profonda, statica, mai mutevole, uguale per tutti. In questa risiede tutto ciò che generalmente non vogliamo [&hellip;]</p>
